02
In base 6, what is -114405 - 4?
-114413
In base 16, what is -14e - 2?
-150
In base 12, what is 1 - -3ab98?
3ab99
In base 5, what is -1040401 - 104?
-1041010
In base 9, what is 1872 + 46?
2028
In base 12, what is 2 + -71ba2?
-71ba0
In base 10, what is -138 + -2403?
-2541
In base 11, what is -272341 + 3?
-272339
In base 9, what is -126064 + 23?
-126041
In base 15, what is 12 + -531?
-51e
In base 10, what is -92889 - 0?
-92889
In base 6, what is -1241 - -4333?
3052
In base 8, what is -3 + 420662?
420657
In base 15, what is -625 + 475?
-1a0
In base 13, what is -2385 - -106?
-227c
In base 4, what is 1302 + 1311111?
1313013
In base 9, what is 34642 + 6?
34648
In base 3, what is 111020 + 2210110?
10021200
In base 4, what is -13202 - 23200?
-103002
In base 10, what is -12 + 439496?
439484
In base 2, what is 1001010010 - -10011101?
1011101111
In base 10, what is 97 + 1349?
1446
In base 8, what is -7 - -7065?
7056
In base 6, what is -12 - -15525?
15513
In base 8, what is 2463554 + -2?
2463552
In base 13, what is -2726 - -7?
-271c
In base 12, what is 13264 - 3?
13261
In base 16, what is -307460 - -1?
-30745f
In base 7, what is -1 - 442224?
-442225
In base 2, what is -1010101 - 10000000011?
-10001011000
In base 6, what is 1 + -300020?
-300015
In base 12, what is -852 - 10?
-862
In base 4, what is -133 + 133131?
132332
In base 7, what is -1252015 + 0?
-1252015
In base 13, what is 33 - 398b?
-3958
In base 16, what is -319 + -24?
-33d
In base 16, what is -243da - 4?
-243de
In base 11, what is -420217 - -6?
-420211
In base 12, what is 2 + -3553a7?
-3553a5
In base 4, what is -12202122221 - -10?
-12202122211
In base 10, what is -9336 - -7?
-9329
In base 10, what is 291 + -64?
227
In base 15, what is -2 - 159d?
-15a0
In base 11, what is -6 + -8888?
-8893
In base 8, what is 370 + -306?
62
In base 6, what is -1141322 - 4?
-1141330
In base 2, what is -1010 + -111010011010010?
-111010011011100
In base 14, what is c854 + 4?
c858
In base 7, what is -3206 - 101?
-3310
In base 14, what is 120719 + -3?
120716
In base 13, what is c5c5 + 5?
c5ca
In base 8, what is 3 - 225065?
-225062
In base 10, what is -1 - 2349?
-2350
In base 6, what is -1 - -4005554?
4005553
In base 14, what is 1c69 + 11?
1c7a
In base 13, what is 23 + -722?
-6cc
In base 8, what is 7327 + 602?
10131
In base 14, what is -d0a5 - 1?
-d0a6
In base 8, what is -12 - -36371?
36357
In base 10, what is -4 - -900?
896
In base 4, what is 331200 - 13212?
311322
In base 2, what is 1000 - -10111101001001000?
10111101001010000
In base 9, what is -4 + 675465?
675461
In base 2, what is -1100001011111010 + -10?
-1100001011111100
In base 11, what is 182 + -762?
-590
In base 16, what is -41 - -269?
228
In base 9, what is -7 - 31766?
-31774
In base 3, what is -20202120222 + -2?
-20202121001
In base 11, what is -1a + -5661?
-5680
In base 16, what is -127b7 + -5?
-127bc
In base 3, what is -101011101 + -11?
-101011112
In base 4, what is -1 - -30131322?
30131321
In base 11, what is 86a62 - 0?
86a62
In base 6, what is -400 + -1201?
-2001
In base 16, what is 185 - -47?
1cc
In base 6, what is -144332 - -12?
-144320
In base 4, what is 2 + -11110332?
-11110330
In base 11, what is 9466 + 4?
946a
In base 13, what is 3c + -5189?
-514a
In base 14, what is 265 - 13a?
129
In base 2, what is 10 - -11101011110000101101?
11101011110000101111
In base 2, what is -11 - -11001011111?
11001011100
In base 14, what is -4 - 1454?
-1458
In base 11, what is -13556 + -5?
-13560
In base 13, what is -1621 + 502?
-111c
In base 4, what is -1220032 - 331?
-1221023
In base 13, what is -2b7 - -8c?
-228
In base 12, what is -4377 + 4?
-4373
In base 9, what is 10138 - 2?
10136
In base 11, what is -11a - -298?
179
In base 14, what is 10 - 2a0c?
-29dc
In base 3, what is -21202020122201 - -2?
-21202020122122
In base 5, what is 44 - 14323?
-14224
In base 2, what is -11 - 1110101111100?
-1110101111111
In base 8, what is -5 + 3416420?
3416413
In base 14, what is 3 - 214490?
-21448b
In base 2, what is 100110000000 - -1011010100?
110001010100
In base 4, what is 302 + -10303232?
-10302330
In base 13, what is 16 - 474?
-45b
In base 8, what is 1 + -62234?
-62233
In base 6, what is -5 + -425544?
-425553
In base 6, what is -520443 + -4?
-520451
In base 8, what is 6772 - 1445?
5325
In base 6, what is 24055 + 4?
24103
In base 13, what is 30 - 1?
2c
In base 6, what is -5 - 3034?
-3043
In base 2, what is -100111100 + -101110111110?
-110011111010
In base 13, what is -5 - -8c74?
8c6c
In base 11, what is -63053 - 5?
-63058
In base 9, what is -308270 + -2?
-308272
In base 6, what is -43 - 255252?
-255335
In base 4, what is -22031 + -1003?
-23100
In base 16, what is -6 + c?
6
In base 2, what is 1101 + -100011111111?
-100011110010
In base 12, what is -124522 - 3?
-124525
In base 5, what is 3232001 + 4?
3232010
In base 12, what is -10 + -284?
-294
In base 16, what is 2b - b8b?
-b60
In base 8, what is 0 - -131265?
131265
In base 5, what is 430400 - 10?
430340
In base 3, what is 2012 - 112101?
-110012
In base 11, what is 1675 - -21?
1696
In base 6, what is -145300 + 5?
-145251
In base 16, what is -18b + -d46?
-ed1
In base 5, what is 2140 - -23313?
31003
In base 7, what is 634 + -32?
602
In base 15, what is -215a5 + 0?
-215a5
In base 7, what is 1123 + 1022?
2145
In base 3, what is -201102102 + 202?
-201101200
In base 8, what is -17 + 1360644?
1360625
In base 9, what is 48 + -716?
-657
In base 9, what is -31026 + -3?
-31030
In base 3, what is -1 - -111201110?
111201102
In base 4, what is -233312 - -1300?
-232012
In base 4, what is -300 - 11311?
-12211
In base 5, what is 30023400 + -4?
30023341
In base 15, what is d - -11eb4?
11ec2
In base 5, what is -4200421 - 22?
-4200443
In base 6, what is 1 - -1033225?
1033230
In base 6, what is -5 + 12312?
12303
In base 10, what is -367 - 437?
-804
In base 11, what is -15 + -433a?
-4354
In base 13, what is 8260 - b?
8252
In base 12, what is -200 + 62?
-15a
In base 10, what is -2 + 48572?
48570
In base 16, what is 2866b - -9?
28674
In base 12, what is -5 + -2263?
-2268
In base 4, what is 1230 + 1232?
3122
In base 2, what is -100111111000 + 11110?
-100111011010
In base 14, what is -13d8 + -6?
-1400
In base 5, what is 223 + 304340?
310113
In base 3, what is 1120112 + -102001?
1011111
In base 13, what is -4 + -8709a?
-870a1
In base 4, what is 13203 + -111133?
-31330
In base 3, what is -102011 + -2000?
-111011
In base 5, what is -10 + -10430032?
-10430042
In base 9, what is 1254635 + -2?
1254633
In base 12, what is -235 - 5b7?
-830
In base 14, what is 1 + 12d38?
12d39
In base 14, what is -1a6c - -d?
-1a5d
In base 9, what is -575342 + -2?
-575344
In base 4, what is 322022 - 222?
321200
In base 6, what is -1350 + -142211?
-144001
In base 13, what is 5751 - 160?
55c1
In base 14, what is a - 38107?
-380db
In base 14, what is -596 + -1a4?
-75a
In base 5, what is 43 - -4240440?
4241033
In base 15, what is -7c8b - 3?
-7c8e
In base 11, what is 1253a9 + 17?
125415
In base 6, what is -3443 - -450?
-2553
In base 2, what is 1100 + -10111100101011?
-10111100011111
In base 16, what is da0 + 3f6?
1196
In base 5, what is 2211 + 10330?
13041
In base 2, what is -111000 + 101000111110100?
101000110111100
In base 3, what is -1020 - -11102120?
11101100
In base 15, what is d6 - 117?
-31
In base 15, what is -9a5e - 3?
-9a62
In base 15, what is 0 + -1b280?
-1b280
In base 14, what is -19a0 - -5b?
-1943
In base 16, what is 519 + 10?
529
In base 7, what is 2156525 + 1?
2156526
In base 3, what is -10 + -10220201?
-10220211
In base 16, what is -2f + -76b?
-79a
In base 10, what is 1906 + -6?
1900
In base 15, what is -857a + -3?
-857d
In base 9, what is -704734 + 4?
-704730
In base 12, what is -43482 + -13?
-43495
In base 7, what is -34 - -353666?
353632
In base 11, what is 2 - 9437?
-9435
In base 10, what is 3 + -240844?
-240841
In base 10, what is 1270421 + 3?
1270424
In base 13, what is 13 + -104b1?
-1049b
In base 2, what is -11101101111 + 11?
-11101101100
In base 13, what is -148433 + -1?
-148434
In base 12, what is 7 - -69b9?
6a04
In base 15, what is -446 + 7?
-43e
In base 7, what is -52 + 1421?
1336
In base 7, what is 32 + -4024?
-3662
In base 3, what is -11212221022 - 0?
-11212221022
In base 7, what is 433 + 3401?
4134
In base 5, what is 1400 - -1142?
3042
In base 4, what i